 - ((-72 - -112) + (-3 - (8 + -11)))
-58
Evaluate (15 - ((-13 - 0) + -2 + (30 - -3))) + 123.
120
-51 + 5 - -167 - 57
64
What is the value of -36 + (113 - (-96 - -87))?
86
What is -17 + -41 + (17 - -16) + -19?
-44
Calculate -70 - -29 - -51 - (12 + -7 - 0).
5
Evaluate 27 - (-5 - -2 - (43 - 35) - (-1 - -3)).
40
What is (10 + -8 - 26) + -83 - (-5 - (3 + 0))?
-99
What is 28 + (13 + -9 - -3) - 9 - -4?
30
Evaluate 0 - (4 + -1 - 12) - (79 - 80 - 90).
100
-38 - (11 + (3 - 13) + -5 + 6 + -6)
-34
-94 + (30 - (11 + -54))
-21
What is the value of (7 + -17 - -17) + -19 - (20 - -10 - -11)?
-53
Calculate -40 + (-14 - -20) - (5 - (-4 - -3)).
-40
-79 + ((-13 - -28) + -21 + 2 + 4 - -2)
-77
29 + -37 + 27 - (4 + (-12 - -7))
20
Evaluate -64 - (58 - (-120 + 235)).
-7
What is -23 + (92 - 22 - (36 + -9))?
20
3 + -8 + (2 - -1) + 3 + -46 + -1
-46
Evaluate 9 + (-6 - 15 - -19 - (-4 - -22)).
-11
Calculate (-8 - -10) + 6 + 16 + (-7 + 11 - 7).
21
(136 + -133 - (-12 - 1)) + -15
1
Calculate (-3 + 25 + -5 - -55) + -23.
49
Calculate 1 - -5 - ((20 - -57) + 24).
-95
-86 - (76 - (161 - 92))
-93
Calculate -20 + 16 + ((4 - -2) + -15 - (1 + 62)).
-76
Evaluate (-2 - -8) + 75 + -20 + -27 + -22 + 58.
70
Calculate 20 - 8 - 17 - (-8 - -26).
-23
What is the value of 19 + -23 + 8 + (-2 - (8 - 11)) + 102?
107
What is the value of -48 - (61 - (-44 + 94))?
-59
Calculate -55 + -3 - (-34 + 11) - 7.
-42
What is the value of -2 + -7 + 17 + 4 + 0 + -4?
8
Calculate 174 - 131 - (20 + -7 + (4 - -3)).
23
What is the value of (8 - 23) + (0 - -3) + (-43 - -52)?
-3
What is the value of 29 + -20 + 6 - (-4 - (-17 + 26))?
28
What is the value of -687 + 648 + (-5 + 2 - 0 - -11)?
-31
-25 + (-107 - -139) - (1 - 0 - (-7 - 97))
-98
Evaluate (-2 - 71 - -5) + (5546 - 5584).
-106
Calculate -10 + 1 + (34 + -72 - (-37 - -53)).
-63
7 + 3 + -1 + (1 + -80 - (1402 - 1403))
-69
(2 - (-59 + -9)) + 34 + -55
49
Evaluate 77 - (-17 + (38 - 33)) - (5 + -5).
89
What is 1 - 3 - (167 + -424 + 296)?
-41
What is (-5 - -27 - 12) + 0 - -33?
43
-90 + 57 + 35 + 0 + -17
-15
What is the value of 25 + -35 + 56 - -54 - (1 - -17)?
82
Evaluate -17 + -41 + 12 + 12.
-34
Evaluate -50 + 144 - (0 + 0).
94
What is (-27 - 45) + 13 + 91?
32
Evaluate -88 - (-22 + 6 + 0 + -9 + 8).
-71
Evaluate (-7 + 13 - 1 - (56 - -12) - 4) + 9.
-58
What is -9 + -51 - (54 + -21 + 3)?
-96
What is the value of -7 - (-27 + -6 + 16 + (8 - 2))?
4
Evaluate -64 + -1 - (0 + 2 - (18 - (20 + -6))).
-63
-59 - (-77 - -148) - -136
6
Evaluate -203 + 227 - (6 - (0 + 0 + 4 + 0)).
22
What is the value of -49 + (-4 - -22) - ((3 - 8) + 3)?
-29
Calculate 5 + (17 - (3 + 17 - (275 - 204))).
73
(-36 - (28 + -61)) + (-5 - (0 - -2))
-10
What is -7 - (-7 - 8 - (-9 + -42))?
-43
Calculate -86 + (-28 - -84) - -58.
28
-65 - -50 - -45 - 35
-5
Calculate 20 - ((-22 + 22 - (-1 + 6)) + 1).
24
What is (138 - 71) + -201 - 8?
-142
What is -1295 + 1159 + (4 - -51)?
-81
What is 1 + (21 - 25 - -20 - 8)?
9
0 + 15 - (51 + -45 - (-2 + (2 - 2)))
7
Evaluate 4 + 105 - (1 + (-18 - (-29 - -19)) + 13).
103
What is 73 - 1 - (45 + (-11 - 12) + -15)?
65
Calculate 44 + (16 - -16) + 40 + 3.
119
What is the value of 47 - 28 - 23 - (3 + -8 + 4 + -78)?
75
What is -2 + -50 - -14 - -51 - 34?
-21
Calculate 45 - (77 + 4) - -7.
-29
(2 - (15 - ((12 - 6) + 6))) + -24
-25
(51 - -4) + 72 + -94 + -41
-8
Evaluate (-84 - -54) + -15 + (14 - 0).
-31
Evaluate (-109 + 131 - -81) + 0 + -31.
72
53 + (8 - (12 + 7 - -2))
40
What is the value of -86 + 6 + 75 + 84 - (14 + -1)?
66
What is 26 + 61 + (-27 - 13)?
47
What is -21 - (-10 - 6) - -17 - (-46 + 6)?
52
50 - (-71 + (19 - -58) + -33)
77
What is the value of (-7 - (-23 + 26 + (-1 - 0) + 0)) + -5?
-14
What is the value of -9 + (-7 - -16) + 11 + -11 + 0?
0
Calculate (-18 - (-63 + 59)) + -2 + (14 - (2 + -2)).
-2
What is the value of 77 + -20 + -12 + -42 + -53 + (-7 - -4)?
-53
Evaluate -3 + 4 - (36 + (11 - -29) + -18).
-57
Calculate 2 + 0 + (41 - (13 + 26)) + -69.
-65
-5 + 4 + 18 + -24 + 13 + -1
5
What is (25 - 89) + 10 + -21 + 36?
-39
Calculate 3 + (56 + (-20 - -5) - (3 - -3)).
38
Calculate 22 - (22 + 18 + (-12 - 8)).
2
Evaluate (27 + -49 - -9) + (-5 + 1 + 13 - 6).
-10
86 - 6 - (25 - 11 - (2 + (5 - -1)))
74
-34 - (-45 + (-56 - -65)) - (0 + 50)
-48
Calculate (24 + -50 - -10 - -18) + 0 + 6.
8
11 + (31 + -26 - 16) + 15 + -1
14
What is the value of -43 + (-31 - -43) + -11?
-42
Calculate -9 - 0 - (155 - (-141 - -259)).
-46
What is -2 + -15 + (44 - (84 - 40))?
-17
13 + -114 + (215 - 167)
-53
What is 4 + ((43 - 3) + -35 - (10 - -2) - -7)?
4
Calculate 23 + -151 + (73 - 8).
-63
Calculate (-85 - ((-46 - -42) + (-1 - (-7 + 2)))) + 4.
-81
37 + -24 + 4 + -15 + 2
4
Calculate (-50 - (2 - 3)) + (9 + -8 - 5) + -3.
-56
Calculate -4 + -1 + -79 - (23 - ((-16 - -1) + 37)).
-85
What is (-42 - -40) + (-5 - -17) - 37?
-27
What is 29 + (-15 - -50 - 45)?
19
-23 + (2 - (1 - (20 - 4))) - (-44 - -1)
37
What is (0 - -47) + -2 + (-93 - -119 - (30 + 3))?
38
Evaluate (-35 - -71) + -76 + 63.
23
What is (14 - (-7 - 7)) + (63 - 143)?
-52
What is 2 + 5 - (9 + -18 + 58 - (-14 + 7))?
-49
(-5 - ((3 - 30) + -9)) + 7 + -2
36
25 - 8 - (9 - 18 - -2)
24
Evaluate 1 - 22 - (1560 + -1532).
-49
Calculate -17 + -21 + 1 + (-7 - (-1 - -9)).
-52
What is the value of -55 + 15 + (1 - 9) + (-3 - -8)?
-43
Evaluate -52 + -4 + (-1 - -34).
-23
Evaluate 0 + 6 + (-30 + 19 - -5) + 64.
64
Evaluate 49 + (-16 - 73) - -94.
54
Evaluate -40 + (-1 - -4) + (-67 - -67) - 4.
-41
What is 11 + (19 - (-18 - 23)) - 11?
60
(1 + -3 - (1 + 7)) + -9 + 10 + 3
-6
What is the value of 1 + 6 + (13 - (-69 + -1))?
90
What is the value of 39 + (77 - 37 - 23) + -30?
26
Calculate (57 - (30 + 12)) + -45.
-30
What is the value of 11 - 0 - (50 + (108 - 122))?
-25
What is the value of -271 + 283 - (-1 - (-3 + 9 - (-5 + -2)))?
26
Evaluate (19 - 0 - 129) + 182.
72
Evaluate (-13 - -6) + 21 + 10 - -6 - -5.
35
-1 - -9 - (88 + -124 + 51)
-7
Calculate (-1342 - -1376) + -5 + 36.
65
What is (1 - 0 - 1 - -96) + 409 + (-156 - 262)?
87
Calculate 0 - -1 - (-29 + 5 - -14) - 38.
-27
Evaluate -144 + 60 + 32 - (21 + 8).
-81
What is (3 - (3 - 2)) + (-10 - (20 - 33))?
5
What is the value of (-27 - (-138 + -27)) + -28?
110
0 + 53 + 57 + -43
67
What is the value of 12 - (-2 - (-8 - -22) - -9)?
19
Calculate 5 + -4 + -11 + -46 + 13.
-43
What is 18 - (108 - 97 - (3 - 3))?
7
42 - -16 - 24 - 41
-7
What is the value of -9 + 10 - (-2 - ((98 - 12 - -2) + 0))?
91
(2 - (27 + -1)) + (-3074 - -3089) - (1 - 161)
151
Calculate -4 - (2 - 2) - (-85 + (81 - 32)).
32
Evaluate -22 - (-68 - -103) - -10.
-47
-127 - -3 - (-23 + 66 - 75)
-92
What is 8 + (-13 - (-3 + -9) - 57) + -9 + 13?
-46
-98 + 11 + -17 + 27 - (-1 - 8) - -9
-59
What is the value of (-1 + 1 + 0 - 9) + -5749 + 5691?
-67
Evaluate 15 - (10 - -6 - 17) - (92 + 2).
-78
-204 - (-165 + 53) - -14
-78
Calculate -3 - (-2 + 7 - 10) - ((8 - 12) + 50).
-44
What is 86 - 57 - (44 + 14 - -9)?
-38
Evaluate 6 + -15 + (-18 + (-1 - -7) - -6).
-15
Evaluate -298 + 75 + 257 - (-2 + 1 + (0 - 1)).
36
-78 + ((-23 - 13) + 41 - -12)
-61
Calculate -13 + (-38 - (-42 + 16)) + 121.
96
-204 + -6 - -47 - -74
-89
18 - (32 - -15) - -90
61
What is (-90 - -35) + -51 + 65?
-41
What is the value of -67 - (-8 + -45) - (-2 + 16) - (-11 - 1)?
-16
Evaluate -644 + 634 - (0 - -20).
-30
Evaluate 4 + (0 - -78) + (-48 - -25 - -7).
66
What is (-98 - (25 + 11 - 29)) + (0 - -3)?
-102
Evaluate 16 - ((114 - 108 - (-1 - -40)) + 2).
47
What is the value of 96 + -47 + 52 + -142?
-41
Calculate -31 + (-17 - (5 + -18)) - (5 + 1).
-41
What is the value of (31 - 5) + (54 - (220 + -44)) + -1 + 0?
-97
What is (18 - (5 + -1)) + (12 - 3) + -5?
18
What is the value of -2040 + 2092 + (-76 - 3)?
-27
Evaluate -8 + (40 - (-42 - -59)) + -34 + 1.
-18
What is 128 - (1 + 17 - 2 - (-266 - -265))?
111
Evaluate (14 - 18 - (-5 + 2 - 1)) + -4 + 86.
82
(30 - -44 - 60) + (-51 - -1)
-36
Calculate -1 + -2 - (543 + -558).
12
What is -9 + (49 - (14 - 30)) - -14?
70
What is 0 + (1 - (1 + -1)) + (-129 + 5 - -132)?
9
-7 + (-2 + -9 - -7) - (4 + -6) - -9
0
Calculate (-10 + 61 + 13 - 11) + -11.
42
52 + -3 + 1 + 1 - (-9 + -79 + 98)
41
-248 + 146 - (-74 + 41)
-69
Evaluate (644 - 674) + -4 + 78.
44
What is (-38 - (-22 + (20 - 18))) + 15?
-3
(6 - -1) + -2155 + 2141
-7
Evaluate -8 + (20 + -19 - -25) + -9.
9
(-1 - -5) + -4 + -62 + (15 - 4 - 5)
-56
What is the 